(l) = -l + 6. Let s(d) = 3*n(d) - v(d). What are the prime factors of s(5)?
2
Let q be ((-124)/10)/(6/30). Let y = -28 - q. What are the prime factors of y?
2, 17
Let i(t) = t**2 + 6*t - 7. Let p be i(-5). Let z = 17 + p. Suppose 2*x + 12 = z*x. List the prime factors of x.
2
Let p = 81 - 47. Suppose 3*h = -4 + p. What are the prime factors of h?
2, 5
Let g(w) = 8*w**2 - 2*w - 2. Let o be g(2). Let k = -12 + o. List the prime factors of k.
2, 7
Let s(x) = x**3 + x**2 - 13. Let r be s(0). Let w = 18 + r. Suppose -3*k = 4*z + 4 - 3, -5*k + 45 = -w*z. What are the prime factors of k?
5
Let j(r) = r + 7. Suppose 0*f = -5*f. Let b be j(f). Suppose 0 = -2*z + 17 - b. List the prime factors of z.
5
Suppose 4*p + 283 = 3*a, 3*a - a - 185 = -p. Let x = a - 48. List the prime factors of x.
3, 5
Suppose 6*d - 112 = 68. List the prime factors of d.
2, 3, 5
Suppose 0 = 8*p - 409 + 129. List the prime factors of p.
5, 7
Let o(u) = -u**3 + 7*u**2 + 9*u + 10. Suppose -4*p + 40 = p. Let n be o(p). Suppose 46 = 4*h - n. What are the prime factors of h?
2
Suppose -4*y + 20 = p, 5*p + 2*y - 10 = 4*p. Suppose p = 2*k - 3*z - 21, k + 2*k = -z + 26. List the prime factors of k.
3
Let l = -28 + 19. List the prime factors of (6/l)/(1/(-3)).
2
Suppose -2*y + 16 = 10. Suppose 2*l - 56 = -o - 2*l, -4*o + 167 = -y*l. List the prime factors of o.
2, 11
Let r = -1 - -11. Let l = r - 6. What are the prime factors of 8/(-2)*(l - 6)?
2
Let c(p) be the third derivative of 0*p + 2*p**2 - 1/8*p**4 + 1/12*p**5 + 0 + 1/6*p**3. List the prime factors of c(2).
3, 5
Let j be (2/(-5))/(2/(-10)). Suppose 0 = 2*n + 2*u - 4, 4*u = -j*n + 4*n + 8. Suppose 3*s - 5*h + h = 20, n = -4*s - 4*h + 64. What are the prime factors of s?
2, 3
Let i be 8/10 + 19/(-5). Let a(v) = v**2 - 3*v - 1. What are the prime factors of a(i)?
17
Suppose -2*i - 1 = -5. Suppose i*v + 0*v = 8. List the prime factors of v.
2
Let u(b) = b**2 - 3 + 4*b**2 + 5*b - b**2 - 5*b**2. Let y be u(4). List the prime factors of (2 - 3)/(y/(-16)).
2
Let d be -8*1*(1 + 0). Let a = d - -17. What are the prime factors of a/3 - (-5 - 2)?
2, 5
Suppose 46*a + 300 = 50*a. What are the prime factors of a?
3, 5
Let k(v) = -v**2 + 7*v + 10. Let g be k(8). Suppose g*u - 9 = 5. Suppose -2*a = -27 + u. List the prime factors of a.
2, 5
Let m(x) = 5*x**3 - x. Let r be m(1). Suppose -2*l = j - 62, 3*l - 110 + 39 = r*j. What are the prime factors of l?
29
Let y(b) = 2*b**2 - 3*b - 3. Let k(a) = -1. Let p(g) = -3*k(g) + y(g). Let i be p(2). What are the prime factors of -2*(i/(-2) + -1)?
2
Suppose -4*j = x - 492, -3*j - 5*x - 346 = -6*j. List the prime factors of j.
2, 61
Let i(h) = -2*h**2 + 6. Let z be i(-6). Let c = z - -92. List the prime factors of c.
2, 13
Let y be (6/2)/((-3)/(-15)). Let o = y + -8. What are the prime factors of o?
7
Let z(h) = -h**2 + 12*h + 1. List the prime factors of z(8).
3, 11
Let t(o) = -2*o**2 - 2*o + 3*o**2 - 1 + 0. Let n be t(3). Suppose r = -3*h + 2*r + 26, 0 = n*h - r - 19. List the prime factors of h.
7
Suppose 0*d + 5*l = d + 9, -4*l + 4 = -4*d. Let s = d + -1. List the prime factors of 6 + (s + 0 - -1).
7
Let c(t) be the third derivative of 3*t**4/8 + t**3/3 - t**2. List the prime factors of c(2).
2, 5
Suppose 44 = g + 3*g. Suppose 5*j - 23 = 2. Let x = g - j. List the prime factors of x.
2, 3
Let t(b) = -5*b**3 + 5*b**2 - 5*b - 11. Let d = 5 - 6. Let u(a) = -a**3 - a**2 + a - 1. Let c(n) = d*t(n) + 4*u(n). List the prime factors of c(8).
3, 5
Let h(i) = i**3 - i**2 - 3*i + 2. Let z be h(2). Let o(f) = f + 15. What are the prime factors of o(z)?
3, 5
Let w(s) = -4*s**2 + 2*s - 1. Let u = 1 - 0. Let y be w(u). List the prime factors of (y/(9/(-15)))/1.
5
Suppose d = -y + 2*d + 11, 0 = 2*y + 4*d - 52. Suppose -y = -4*r - 0*r. What are the prime factors of r?
2
Let k(h) be the second derivative of h**7/840 - h**5/120 + 11*h**4/24 - h**3/2 - 3*h. Let o(t) be the second derivative of k(t). List the prime factors of o(0).
11
Let i be (-4)/6 + (-1340)/15. Let a = -59 - i. What are the prime factors of a?
31
Let x(d) = d**3 - 3. Let g be x(0). Let z = 3 - -8. Let i = z + g. List the prime factors of i.
2
Suppose -5*w + 252 - 87 = 0. Let z(n) = -n**2 - 4*n - 5. Let u be z(-6). Let s = w + u. What are the prime factors of s?
2
Let w(v) = -2*v + 1 - 2 + 0*v. Let d be w(-2). Let l = d - -5. List the prime factors of l.
2
Let l = 66 - 15. What are the prime factors of l?
3, 17
Suppose 3*h - 8 = -5*p + 4*p, 4*p = -h - 12. Suppose -4*r + 12 = -h*x, r = x + x + 2. List the prime factors of r.
2
Let y(a) = -a**3 - 12*a**2 + 4*a - 2. Let f be y(-8). Let x be f/(-9) - 14/63. Suppose -l - 2*j = j - x, 5*l = 4*j + 65. List the prime factors of l.
17
Suppose -3*i - 410 = -8*i. What are the prime factors of i?
2, 41
Suppose 0 = -q - 2*o - 8, o = 5*q - 2 - 2. Suppose q*g + 3*g - 60 = 0. What are the prime factors of 1/4 + 75/g?
2
Let q(u) = 2*u**3 - 3*u + 4. List the prime factors of q(2).
2, 7
Let b = 5 + -2. Suppose 0 = -b*f + 5*f + 3*c - 67, 3*f = 5*c + 110. Suppose 2*r - f = -11. What are the prime factors of r?
2, 3
Suppose 10 = 8*o - 3*o. Suppose o*q = f + 8, -q = f - 2 - 5. Suppose 0 = 2*w - 6 - f. List the prime factors of w.
2
Let d = -63 - -90. List the prime factors of d.
3
Let g = 225 - 159. What are the prime factors of g?
2, 3, 11
Let c = -19 - -36. List the prime factors of c.
17
Let d(r) = 3*r**2 - 8*r - 3. Let w = 12 + -5. Let t be d(w). Suppose -28 = 5*y - t. List the prime factors of y.
2, 3
Let k = -8 - -5. Let v = 8 + k. What are the prime factors of v?
5
Let g = 20 - -32. What are the prime factors of g?
2, 13
List the prime factors of 96 - (-1 + -4 - -8).
3, 31
Suppose -y = y + 12. Let a be -3 - y - 6/(-3). Suppose -2*s + a = -1. List the prime factors of s.
3
Let b(d) = -4 - d**3 - 3 + 0*d + 6*d**2 - 3*d. Let j(z) = z**3 + 10*z**2 - 2*z - 15. Let l be j(-10). List the prime factors of b(l).
3
Suppose 2*t - 121 = -v + 84, -4*t + 615 = 3*v. What are the prime factors of v?
5, 41
Let t(m) = 1 + m**2 - 5 + 2*m - m**3 + 2*m**2. Let f be t(3). Suppose 0*y + 4*d - f = -3*y, -5*y + 18 = 3*d. What are the prime factors of y?
2, 3
Suppose -3*r + 4*c + 26 = 0, 19 = -5*r - 5*c + 4. Suppose 4*m - 12 = 0, -r*p - 2*m = 2*p - 54. List the prime factors of p.
2, 3
Suppose -2*g = -4*p + 263 + 511, -4*g = 5*p - 961. What are the prime factors of p?
193
Let p(j) = j**2 + 6*j + 4. Let z be 3 - (-1)/(1/3). Let h be 40/(-6) - (-4)/z. What are the prime factors of p(h)?
2
Let u(t) = t**2 + 1. Let v be u(-2). Suppose 0 = -4*x + 67 + v. Let w = x - 7. List the prime factors of w.
11
Let k(j) be the second derivative of 7*j**5/4 - j**4/12 - 7*j. What are the prime factors of k(1)?
2, 17
Suppose 0 = -4*y + 2*p + 72, -1 = 5*p + 19. List the prime factors of y.
2
Suppose 20 = 5*j - 4*n, 0 = 4*j - 4*n - 10 - 6. Suppose -3*r + 40 = -0*s + j*s, -r - 50 = -5*s. Suppose 0 = 2*g - 0*g - s. List the prime factors of g.
5
List the prime factors of 5 + -3 + 227 - (-9)/(-3).
2, 113
Suppose -165 - 99 = -6*j. What are the prime factors of j?
2, 11
What are the prime factors of 3 - 10/(-3)*(-9 - -27)?
3, 7
Suppose -u = l - 2*l, -4*u - 2*l = -18. Suppose -2*x = -0*x + 8, u*d + 4*x - 26 = 0. List the prime factors of d.
2, 7
Let t be (-1)/(2/5)*-2. Suppose -t*q - 3*s - 31 = 4, -s = 3*q + 17. Let u(g) = -g**3 - 4*g**2 - g - 1. What are the prime factors of u(q)?
3
Suppose -5*n = -x - 318, 0*n + 3*n - 184 = 4*x. List the prime factors of n.
2
Suppose 0*s + s = 4*c - 12, -4*s + 9 = 3*c. Let n(b) = b**3 + b**2 - b + 3. What are the prime factors of n(c)?
2, 3
Let i be -2 + 4 + -2 - 6. Suppose -2 = -2*x + 3*x. Let h = x - i. What are the prime factors of h?
2
Suppose -i = -0*i + 4, 5*i = -2*s + 70. List the prime factors of s.
3, 5
Let y = -2 - -5. Suppose y*w + 3 = -5*n - 0, -29 = -5*w + 3*n. Suppose w*f = -f + 50. What are the prime factors of f?
2, 5
Suppose 0 = 2*k + b - 7, 21 = 3*k + 6*b - b. Suppose 5*o - 4*c = 86, 0*o = k*o - 5*c - 31. List the prime factors of o.
2, 3
Let l = -6 + 70. What are the prime factors of l?
2
Let g be 1/(3/6) + 0. Suppose -4*k + 57 = -k. Suppose 2*n - 5*r + g*r = k, 2*n = 5*r + 21. What are the prime factors of n?
2
Let v(a) be the second derivative of 7/2*a**2 - 5/6*a**3 + 1/2*a**4 - 1/20*a**5 - 2*a + 0. What are the